 -45*t + 42. Let w be n(2). Let d = 38 - w. What is the units digit of d?
6
Let m(i) be the third derivative of i**5/20 - i**4/2 + 17*i**3/3 - 33*i**2. Let c be m(6). Let z = -24 + c. What is the units digit of z?
6
Let i be (-140)/18 - 6/27. Let l be (5 - 10)*(-8)/(-10). What is the tens digit of l*(190/i - 2)?
0
Suppose -2*n + 9 + 5 = d, 3*n = -5*d + 35. Suppose 0 = y + 2, -n*j + 170 = y - 1063. What is the tens digit of j?
4
Let o = 103 - 102. Let v be -47*2*2/(-2). Suppose -3*b - o = -v. What is the tens digit of b?
3
Let w be 1/2*(-37 - -759). Suppose 5*x - w = -16. What is the tens digit of x?
6
Suppose 4*o = -4*t + 123715 + 89445, 2*t = 4. What is the hundreds digit of o?
2
Let l(p) = 8*p**3 - 3*p + 2. Let x be l(1). Suppose -4085 = -4*z - 3*f, 0 = -4*z + 2*f - x*f + 4083. What is the tens digit of z?
2
Let l be (1/(-2))/(11/(-748)). Let m = 46 - l. Let o = -3 + m. What is the units digit of o?
9
Suppose 0 = 25*f - 53*f + 94*f - 3366264. What is the thousands digit of f?
1
Let s(l) = -15*l + 17. Let b be s(-8). Let r = b - -14. Suppose 697 = 3*q + r. What is the hundreds digit of q?
1
Let f = 13440 + 1496. What is the tens digit of f?
3
Let q(l) = l**3 + 10*l**2 - l - 3. Let c be q(12). Suppose -993 = -6*a + c. What is the tens digit of a?
9
Let f = -89 - -306. What is the tens digit of 2/(7/(f/2))?
3
Let s be -370 + (-3 - (1 - 4)). Let f be ((-12)/5)/((-366)/s + -1). Suppose 0 = 9*z - 7*z - f. What is the hundreds digit of z?
1
Let v(q) = -q**3 - 11*q**2 + 18*q - 18. Let x = -18 - -20. Suppose 0 = -u, -x*j - 2*u + 52 = -6*j. What is the tens digit of v(j)?
8
Let u(l) = 9*l + 21. Let n be u(-2). Suppose -n*r = 3*a - 540, -a + 466 = 3*r - 64. What is the hundreds digit of r?
1
Let p(o) = -36*o**3 - 10*o**2 - 4*o. Let q be p(-4). What is the units digit of ((-1)/2)/((-6)/q)?
0
What is the hundreds digit of 92196/14 + 24 - (-4)/7?
6
Suppose -6 + 11 = p. Suppose 2*l - 2*k + 11 = 3*l, 27 = p*l + 3*k. Suppose 0 = l*a, -2*v + 4 = 2*v - 2*a. What is the units digit of v?
1
Let o = 34451 - 19332. What is the thousands digit of o?
5
Let q = 1423 - 2419. Let o = q + 1736. Suppose -270 = 2*v + 4*w - o, -5*v = 2*w - 1167. What is the hundreds digit of v?
2
Let f(x) = 2*x + 27. Let r be f(-15). Let i be (1/(-3)*4 + 0)*r. Suppose 2*y + 528 = i*d - d, -5*y = 15. What is the units digit of d?
4
Suppose -2*a - 3*a + q + 4401 = 0, -3*a + 2642 = -2*q. Let b = -295 + a. What is the units digit of b?
5
Suppose 3*i = 6*t - 5*t - 13, t + 22 = -4*i. Let n be (-88 - 4/t)*3. What is the tens digit of (4/2)/(1803/n + 7)?
7
Let y = 2609 - -4334. What is the thousands digit of y?
6
Suppose -2*u = -4*c - 54, -5*u + 2*u + 86 = -5*c. Suppose -u*p = -34*p + 63. Let b(f) = f**3 + 19*f**2 - 45*f + 2. What is the units digit of b(p)?
5
Suppose 2*p - 3 = -13, -30 = -5*d + 3*p. Suppose 4*t + 0*h - 505 = -3*h, h - 3 = 0. Suppose -d = -y + t. What is the tens digit of y?
2
Suppose -27*z - 14*z + 1014910 = 89*z. What is the thousands digit of z?
7
Let a = 2091 + -292. What is the units digit of a?
9
What is the thousands digit of -2 + -6 + -2 - -7034?
7
Let p = -1078 - -2542. Suppose 7*u - 5095 = p. What is the hundreds digit of u?
9
Let q = -221 - -386. Let v = 19 + -21. What is the units digit of 1 + q + (6 - v - 5)?
9
Let l = 16 + 373. Let q = l - 199. What is the tens digit of q?
9
Let y(b) = -b**3 - 5*b**2 + 4*b + 4. Let r be y(-3). What is the tens digit of r/130 + 2451/5?
9
Let f = 64656 + -40204. What is the thousands digit of f?
4
Suppose 145*f + 1819108 = 11019938. What is the tens digit of f?
5
Let p(k) = -k - k + 5*k + 11. Let z be p(-3). Let l(j) = 34*j**2 - 4*j - 2. What is the tens digit of l(z)?
2
Let o = 13933 - 6975. What is the hundreds digit of o?
9
Suppose 0 = 5*q - 5*l - 29 - 11, l = -4. Suppose q*p = 1501 + 1215. What is the tens digit of p?
7
Let v = 80 + -23. Suppose -4*w = -6*w + 8, 4*y = -w + 12. Let t = y + v. What is the units digit of t?
9
Suppose -82 + 232 = 3*b. Suppose 0*x + b = 5*x. What is the units digit of (x/3)/((-52)/(-546))?
5
Suppose 4*f + 2 = 10, -4*f = 2*q - 80. What is the tens digit of (-6)/(-9) - (-2658)/q*4?
9
Let b = -11 - 2. Let y(g) = -g**3 - 14*g**2 - 15*g - 3. Let j be y(b). Let c = j + 25. What is the units digit of c?
8
Let q(a) = 39*a + 1. Let v be q(5). Let m(d) = -d**3 - d**2 + 1. Let z be m(-2). Suppose 2*f - c = v, -z*f + 730 - 242 = -3*c. What is the hundreds digit of f?
1
Let p = -352 + 351. What is the hundreds digit of 7264/128*(-8)/p?
4
Let a be (36/(-15)*1)/((-16)/(-40)). What is the hundreds digit of (3 + -7)/(1286/(-214) - a)?
4
Let y(d) = d**3 + 53*d**2 - 73*d + 1061. What is the tens digit of y(26)?
6
Let m = -7430 + 39171. What is the ten thousands digit of m?
3
Suppose -2204859 = -177*l + 681417 + 1694838. What is the hundreds digit of l?
8
Let g(p) = p + 16. Let u be g(-12). Suppose 2*j - 3*j + u = -4*t, -3*t + 8 = 2*j. Suppose -2*n = -t*n - 128. What is the units digit of n?
4
What is the hundreds digit of ((-99)/(-198))/((-2)/(-3236))?
8
Let j(q) = 8*q**2 - 51*q + 543. What is the tens digit of j(35)?
5
Suppose 0 = -7*s + 177 + 1251. Suppose -42*a + 36*a = -s. Suppose -2*z + 4*h + a = 10, 0 = -5*h - 15. What is the units digit of z?
6
Suppose -67419 + 24501 = -6*l. Suppose -b + 3*v = -1437, 0 = -5*b - 0*v - v + l. What is the hundreds digit of b?
4
Let s be -101 + 5 + (-2 - 2). What is the hundreds digit of 1322/3 + (s/(-12) - 7)?
4
Suppose 0 = d - 4*j - 126, -10*j + 14*j + 394 = 3*d. What is the tens digit of d?
3
Suppose 3*f = 5*g - 3*g + 123517, 5*f + 5*g - 205820 = 0. What is the units digit of f?
9
Let x(a) = -4*a**3 + 45*a**2 + 22*a + 131. What is the thousands digit of x(-20)?
9
Let i be (-4 + 1 - 542)*1. Let s = -95 - i. Suppose -s = t - 7*t. What is the tens digit of t?
7
Suppose -4*n - n = 2*p - 3783, p = n + 1874. What is the units digit of p?
9
Suppose -o - 2 = -1, 3*d - 3*o - 15 = 0. Let c(i) = -i**3 + 3*i**2 - 7*i - 8. Let l be c(d). What is the tens digit of (1/((-4)/8))/(2/l)?
5
Let j be -2 - ((-7)/7 + -3). Suppose 0*h - 5*k + 1158 = j*h, 1714 = 3*h - 4*k. What is the hundreds digit of h?
5
Let k = 107 + -106. Let g = k + 2. Suppose g*m - 7*b + 3*b = 598, 4*m - 810 = -b. What is the tens digit of m?
0
Let r(k) = -10 - 11*k + 35*k + 4*k + 3*k**2. What is the units digit of r(-15)?
5
Let s be (-62)/(-22) - 14/(-77). Suppose s*v = 3*g + 1068, -1421 = v - 5*v + g. What is the tens digit of v?
5
Let h(p) = -64*p + 27. Let w be h(-2). Let t = w - -147. What is the hundreds digit of t?
3
Let u = 90813 + -44402. What is the hundreds digit of u?
4
Let s = -444 + 524. Let q = -25 - -139. Let d = q - s. What is the tens digit of d?
3
Let w = 38139 + -23579. What is the ten thousands digit of w?
1
Suppose -5*o + 845 = 4*q, 4*q - 2*o - 840 = -6*o. Suppose q - 565 = -5*w. Let v = w - 35. What is the units digit of v?
7
Let y(i) = 2*i**2 + 11*i + 9. Let d be y(-5). Suppose 36*g + d = 35*g. What is the tens digit of ((-130)/g)/(3/6)?
6
Let p(q) = 5*q - 15. Suppose 19*d + 10 = 24*d. Suppose 45 = 3*n + 2*w, d*w + 10 = 3*n - 35. What is the tens digit of p(n)?
6
Let r(k) = 12*k - 330. Let w be r(39). Let g be (-2)/(-5)*125/1. Suppose q = w + g. What is the tens digit of q?
8
Suppose -11*o + 7158 = -12378. What is the tens digit of o?
7
Let t(v) be the first derivative of 67*v**2/2 - 35*v + 61. What is the units digit of t(2)?
9
Let p(z) = 5*z - 9. Let x(k) = -14*k + 26. Let n(d) = 17*p(d) + 6*x(d). Let g be n(-4). What is the units digit of (g - -4)/(-6)*-142?
1
Let t be 19422/(-143) - (-10)/(-55). Let l = t - -244. What is the hundreds digit of l?
1
Suppose 0 = 43*q - 813 - 133. Suppose -4*a + 3*a - 17 = 0. Let h = q - a. What is the tens digit of h?
3
Let a = 24 - 16. Suppose a*x - 12*x + 20 = 0. Suppose -34 = -x*j + 21. What is the units digit of j?
1
What is the ten thousands digit of 4 - (10998696/1106)/(4/(-14))?
3
Let r(h) = -h**3 - 6*h**2 + 9*h - 8. Let c be r(7). Let b = c + 1223. What is the units digit of b?
1
Let j(x) = 32 - 48 - 9*x - 53. Let c be j(-8). What is the hundreds digit of (5 + (-2 - 0))/(c/206)?
2
Let v be -1 - (-42)/24 - 27/(-12). Suppose -22 = -v*r - 10. What is the units digit of (-2 + r)*-1 - -33?
1
Let c(t) = 4492*t**2 - 282*t + 281. What is the thousands digit of c(1)?
4
L